 - 247. Let h = f - 47. Is h composite?
False
Suppose v - 122 = 3*f - 7*f, 3*v - 314 = f. Let p = v - 63. Is p composite?
False
Let m(z) = 5*z**2 - 9*z + 5. Is m(7) a prime number?
False
Suppose -8*f + 10 = -3*f. Suppose -f*m + 285 = l, 9 = -4*l + m + 1149. Suppose 9*s = 4*s + l. Is s composite?
True
Let w(r) = 14*r**2 + 9*r + 3. Is w(-4) a composite number?
False
Let o = 4 - 5. Let a = o + 2. Suppose -4*t + 191 = 5*p, 0*p = p + a. Is t composite?
True
Suppose -2*z - 3*z = -3*a + 243, 0 = -4*a - z + 347. Is a a composite number?
True
Suppose 24 = 4*u - 0. Suppose 0 = 4*h - 2 - u. Suppose t - h*t = -6. Is t a prime number?
False
Let u = 17 - 12. Suppose 4*y = -u*j - 12 - 4, -5*y = -2*j + 20. Suppose -3*d - 2 + 107 = j. Is d a prime number?
False
Let d(z) be the third derivative of z**6/120 - z**4/12 - z**3/2 - 4*z**2. Is d(6) composite?
True
Suppose 5*p = 4 + 6. Suppose -5*w = 3*j + 3, -3*j + 3*w = -p*j + 1. Is 3/(6/(-98))*j a prime number?
False
Is 3 - -178 - 12/3 a composite number?
True
Let m be 3*(-2 - -1) - 253. Let z = -173 - m. Is z composite?
False
Suppose 125 = 5*b + 2*f - 28, -b + 29 = 2*f. Let t(a) = a**3 + 5*a**2 - a - 2. Let l be t(-5). Suppose 26 + b = l*p. Is p prime?
True
Let u = 99 + -48. Let n = u + -18. Is n prime?
False
Suppose t + 96 = -3*t. Is (1 + 0)/((-4)/t) a composite number?
True
Suppose 0*t = -3*t + 30. Let p(v) = -1 + 6 + 8 + 2*v. Is p(t) a composite number?
True
Suppose -5*q = -26 - 4. Let h(t) = 52*t + 7. Let c be h(q). Is c/6 - 1/6 a prime number?
True
Let d be 1/(0 - -1 - 2). Let s(g) = -15*g**2 - 60*g**3 + 14*g**2 + 1 - 23*g**3. Is s(d) prime?
True
Suppose o = -2*r + 1077, -4*r = -r + 4*o - 1623. Is r a composite number?
True
Let l(c) = -c**3 - c**2 + 23. Is l(0) a composite number?
False
Let p be -2 + (-9)/6*-2. Suppose p = 4*u - 3. Suppose -k - s + 6 = 0, -3*s + 14 = 2*k - u. Is k composite?
False
Suppose -5*h = -3*k - 33, -h - 4*h + k + 31 = 0. Suppose -2*s - u = -31, -2*u = 2*s - h*u - 6. Is s prime?
True
Suppose -2 = -5*g - 12. Let u(v) = v**3 + 3*v**2 - 7*v - 6. Let y be u(-4). Is (g - (-10)/y)*-33 composite?
False
Let r(v) be the first derivative of 16*v**3 - v**2/2 - 1. Suppose 0 = j + 2*m - 5*m - 5, 4*j = 2*m. Is r(j) a prime number?
False
Let i(t) = -2*t - 2. Let f be i(-4). Suppose 5*j - 13 = f*j. Let y = j - -27. Is y a composite number?
True
Suppose -89 = -l - 15. Is l a composite number?
True
Is 3*(-4)/12*(-446)/2 a prime number?
True
Let s = 2921 + -1144. Is s prime?
True
Let s(l) = -2*l + 0 + 8 + 10*l. Let q be s(6). Let v = q - 33. Is v prime?
True
Let b(s) = 31*s**2 + s - 5. Is b(-4) prime?
True
Let f(r) be the first derivative of 55*r**2 - 3*r + 3. Is f(2) prime?
False
Is (-3 + 2 + -12)*-29 a prime number?
False
Suppose -5*v + 2*v + 15 = 4*r, -3*v + 5*r - 12 = 0. Let f(h) = 49*h**3 - h. Let w be f(v). Suppose -2*i + w = 2. Is i a prime number?
True
Suppose 3*m + 45855 = 12*m. Is m a composite number?
True
Let n be (-18806)/(-14) + 14/(-49). Suppose z - 120 = -3*u + 574, 2*z - n = 3*u. Is z a prime number?
False
Let g be 14928/28 + 1/(-7). Let l = g - 364. Is l prime?
False
Suppose -g + 3 = 0, m + 3*g = -0*m + 12. Suppose 6*p = m*p + 1437. Is p prime?
True
Is 163 + 2/4*-4 a prime number?
False
Let g be (-1 + -2 - -3) + -76. Let p = g + 113. Is p a composite number?
False
Let w(b) = -b**2 + 7*b - 7. Let v be w(6). Let g be 58/(v/(-2) + -1). Let p = -79 - g. Is p composite?
False
Is (1337/14)/(1/2) a prime number?
True
Let d(b) = -2*b**3 - 2*b**2 + 5*b + 4. Let u be d(-3). Suppose -2*g + 3 = -u. Is g a composite number?
True
Let k = -44 + 25. Let w = k - -33. Is w a prime number?
False
Suppose 1 = 3*v + 19. Let x = 2 + v. Is -2*-211*(-2)/x composite?
False
Suppose -2*x - a + 163 = 0, -4*x + 5*a + 88 + 259 = 0. Is x a composite number?
False
Let s = 4 + -1. Let u = -6 - -10. Suppose -105 = -s*t - 2*f, 16 = -4*f + u. Is t a composite number?
False
Let j(f) = f**3 + 5*f**2 - 6*f + 6. Let k(i) = -i**3 + i**2 - i + 4. Let o be k(0). Suppose -4*p = o*v + 4, 0*v - 1 = -4*v - 5*p. Is j(v) a prime number?
False
Let l(r) be the second derivative of -r**5/20 - r**4/6 + r**3/2 + r**2/2 - 4*r. Is l(-6) prime?
True
Let l = -6707 + 20416. Is l prime?
True
Suppose 4*f + 622 = -410. Is ((-4)/(-6))/((-4)/f) composite?
False
Suppose -2*n + 8 - 18 = 0. Let p(j) = -j**3 - 4*j**2 - 4. Is p(n) prime?
False
Suppose 4*g - 245 = a, 0 = -5*g + 3*a - 6*a + 302. Let q = g - -1. Is q prime?
False
Suppose 0 = -3*h + 1174 - 295. Is h a prime number?
True
Let t be 2/(-5) - 84/(-35). Suppose 237 = j + t*j. Is j a composite number?
False
Suppose 4*n = -5*q + 7, -4*q + 2 = -2*n + 4*n. Let s be 0/((2 + q)*-2). Suppose -99 = -2*g - 3*g - 3*j, 4*j + 8 = s. Is g composite?
True
Suppose 0 = -2*y + y + 157. Is y a composite number?
False
Suppose -2*a - 32 = 5*v, 46 = -a - 4*a - 4*v. Is (33/a)/((-1)/2) composite?
False
Let y be 5/10 + (-1)/(-2). Is (-4 + -4)*y/(-2) prime?
False
Suppose -2*i = 4*d - 314, 93 + 69 = 2*d - 4*i. Is d composite?
False
Is (2 + -6)/4 + 420 a prime number?
True
Suppose 5*n = 2*n + 3123. Is n composite?
True
Let k = 255 - 134. Is k prime?
False
Let a = -401 - -796. Is a prime?
False
Suppose 0 = m + 2*d - 39, d = m - 2*d - 29. Is m a composite number?
True
Suppose k = 4*v + 3, 3*k = -5*v - 13 - 12. Is v/(-9) - 662/(-18) a prime number?
True
Let x = -62 - -115. Let j(z) = 3*z. Let n be j(1). Suppose -4*a + x = -n*a. Is a a composite number?
False
Let w(t) = 3*t**2 - 2*t - 9. Let g be w(5). Let n = g - -93. Is n a composite number?
False
Suppose -d + 1 = 2*p - p, -3*d - 3 = p. Let b = 2 - p. Let v(t) = -15*t - 1. Is v(b) prime?
False
Let j(t) = -3*t**2 - 8*t - 1. Let c be j(10). Is (-1 - 1)/(6/c) composite?
False
Let i be 0 + 1 + -2 + 354. Suppose -2*n = -i - 181. Is n composite?
True
Suppose -3*z + z = 0. Suppose z = 2*b + 4*b - 1830. Is b composite?
True
Let u(p) = -p**3 + 12*p**2 + 7*p + 3. Suppose 8*v - 9 = 7*v. Is u(v) composite?
True
Let a be (3/6)/((-1)/(-78)). Let u = 113 - a. Let t = 161 - u. Is t prime?
False
Suppose 3*w = 2*r + 1939, 2*r - 7 = 1. Is w composite?
True
Suppose -2*q = 3*w - 3433, 2*w + 792 = 3*q + 3059. Is w a composite number?
True
Let i(m) = 4*m**2 - 8*m - 5. Is i(-6) a composite number?
True
Let x = 1804 + 1213. Is x prime?
False
Suppose 3026 = -2*s - 2*v, 5*v = 3*v + 8. Is s/(-7) + (-6)/(-21) a composite number?
True
Let u = -1108 - -2914. Suppose 5*k = 4*g - 1349, 4*g + 448 = 2*k + u. Is g composite?
True
Suppose u - 2*y - 4471 = 0, -16*u + y = -11*u - 22355. Is u a prime number?
False
Let d = 644 + -433. Is d a composite number?
False
Let h = -256 + 669. Is h a composite number?
True
Suppose 4*p + 4*x = 24, -4*p - 2*x = -7 - 13. Let z be 108/30 + p/10. Suppose -1 = -w, 0*w + 67 = 3*d + z*w. Is d prime?
False
Let l = 3 - 0. Suppose -2*z - 181 = -l*p - 2*p, -p + 3*z = -44. Is p a composite number?
True
Let m(y) = y**2 - 5*y - 6. Let q be m(6). Suppose 2*f - 74 = -2*w - 2*w, q = 2*f - 2*w - 92. Is f composite?
False
Suppose 615 = 2*c + 3*c - 4*a, -488 = -4*c + 4*a. Is c a composite number?
False
Let p be (2*1)/(-1)*-1. Suppose 4*x + 5*m + 3 = -4, 3*x = -4*m - 6. Suppose 2*f = x*c - 84, p*c + 4*f - 91 = -c. Is c composite?
False
Let a = -1 - -1. Let n be (2 + 0 - 1)*a. Is (-204 + (-1 - n))*-1 prime?
False
Let s(z) be the first derivative of -z**3/3 - 7*z**2/2 + z + 1. Suppose -4*n - 4 = 4*b + 12, -4*n - 4 = 2*b. Is s(b) a prime number?
True
Suppose -3*f - 15 = 0, -7*b + 3595 = -3*b + 5*f. Suppose 0 = -4*z + b + 51. Is z prime?
True
Suppose -5*s = -4*s. Suppose -5*g - 105 = -s*g. Is (-406)/g + 1/(-3) composite?
False
Suppose -7*o = 4*o - 12793. Is o a composite number?
False
Suppose 14 = -f + 145. Is f prime?
True
Let y = -1042 + 2204. Suppose g - 5*s = -g + 563, y = 4*g + 2*s. Is g prime?
False
Let z be -5*(-1 + 2 + -2). Let h(i) = 5*i**2 - 6*i - 2. Let n be h(z). Suppose 4*a = n - 9. Is a composite?
True
Let z be -474*-2*2/6. Suppose 4*h - 373 = 3*p, -3*p - 2*p = 3*h - z. Is h prime?
True
Suppose 25*q = 28*q - 471. Is q a prime number?
True
Suppose -41 - 107 = 2*m + 2*p, 0 = 3*p - 6. Is (m/(-6))/(2/33) composite?
True
Suppose 0 = -0*q + 5*q - 60. Is q - 3/(1 - -2) composite?
False
Let i = 468 + -323. Is i a composite number?
True
Suppose -5*z - 18 = -3*v - 2*z, -4*z = -5*v + 28. Suppo